87?
8
What is the hundred thousands digit of 106169688?
1
What is the millions digit of 7271753944?
1
What is the thousands digit of 35911062?
1
What is the units digit of 496238095?
5
What is the ten millions digit of 100614773?
0
What is the thousands digit of 181371108?
1
What is the units digit of 2117948721?
1
What is the ten thousands digit of 104401604?
0
What is the hundred millions digit of 3891841778?
8
What is the ten thousands digit of 323369333?
6
What is the millions digit of 42177347?
2
What is the units digit of 1653598865?
5
What is the ten thousands digit of 4167466?
6
What is the hundreds digit of 34824442?
4
What is the tens digit of 157597091?
9
What is the hundreds digit of 2368821116?
1
What is the units digit of 119859449?
9
What is the hundreds digit of 1687277066?
0
What is the ten millions digit of 663596403?
6
What is the ten millions digit of 128541449?
2
What is the units digit of 351644417?
7
What is the thousands digit of 529562194?
2
What is the thousands digit of 526830149?
0
What is the units digit of 559746324?
4
What is the hundreds digit of 12931058?
0
What is the units digit of 216348213?
3
What is the tens digit of 8022108711?
1
What is the tens digit of 68287321?
2
What is the thousands digit of 2365816369?
6
What is the billions digit of 1519225096?
1
What is the hundreds digit of 3926274060?
0
What is the millions digit of 88096971?
8
What is the ten thousands digit of 1119074114?
7
What is the tens digit of 76977427?
2
What is the millions digit of 163573194?
3
What is the hundred thousands digit of 2291719063?
7
What is the tens digit of 90474075?
7
What is the ten millions digit of 3126239239?
2
What is the ten thousands digit of 1272274153?
7
What is the ten millions digit of 1528701612?
2
What is the ten millions digit of 4632748103?
3
What is the millions digit of 1176906819?
6
What is the millions digit of 2709096901?
9
What is the tens digit of 85986079?
7
What is the ten millions digit of 1918236229?
1
What is the ten millions digit of 83839042?
8
What is the millions digit of 945332076?
5
What is the hundreds digit of 3897812854?
8
What is the thousands digit of 900396890?
6
What is the ten thousands digit of 903893985?
9
What is the units digit of 2735953918?
8
What is the ten thousands digit of 4487576202?
7
What is the hundred thousands digit of 1156665227?
6
What is the ten millions digit of 43999947?
4
What is the units digit of 32598624?
4
What is the hundreds digit of 16361461?
4
What is the ten millions digit of 5934539320?
3
What is the hundred millions digit of 1617657801?
6
What is the ten millions digit of 324601503?
2
What is the hundred thousands digit of 2043480416?
4
What is the ten thousands digit of 108052451?
5
What is the units digit of 34222701?
1
What is the millions digit of 281458759?
1
What is the thousands digit of 4461945?
1
What is the hundreds digit of 32158892?
8
What is the ten thousands digit of 949501844?
0
What is the ten millions digit of 24948574?
2
What is the units digit of 113655589?
9
What is the hundreds digit of 2963903695?
6
What is the hundred thousands digit of 3058408172?
4
What is the ten millions digit of 924756628?
2
What is the tens digit of 658937516?
1
What is the hundred thousands digit of 2858528117?
5
What is the tens digit of 491346649?
4
What is the millions digit of 597820299?
7
What is the tens digit of 6347611629?
2
What is the hundred thousands digit of 65328231?
3
What is the ten millions digit of 100582906?
0
What is the millions digit of 55447532?
5
What is the tens digit of 2095354321?
2
What is the hundreds digit of 95786080?
0
What is the hundreds digit of 1246906581?
5
What is the hundred thousands digit of 17614344?
6
What is the tens digit of 670684?
8
What is the thousands digit of 60085507?
5
What is the hundreds digit of 30101193?
1
What is the thousands digit of 87809597?
9
What is the ten millions digit of 2005767314?
0
What is the tens digit of 28287341?
4
What is the thousands digit of 107928009?
8
What is the ten millions digit of 2003720152?
0
What is the ten millions digit of 2746120085?
4
What is the ten thousands digit of 155165809?
6
What is the hundred millions digit of 233186123?
2
What is the millions digit of 30743420?
0
What is the ten thousands digit of 38112126?
1
What is the ten thousands digit of 73962631?
6
What is the billions digit of 4309523058?
4
What is the tens digit of 124738534?
3
What is the millions digit of 2403509203?
3
What is the hundred thousands digit of 7675346?
6
What is the hundred millions digit of 216499376?
2
What is the tens digit of 6406466?
6
What is the units digit of 625144715?
5
What is the units digit of 75388000?
0
What is the ten millions digit of 26064039?
2
What is the tens digit of 4616330963?
6
What is the tens digit of 59546908?
0
What is the hundreds digit of 1985889417?
4
What is the units digit of 256547790?
0
What is the units digit of 27246869?
9
What is the thousands digit of 384254690?
4
What is the hundred millions digit of 939527495?
9
What is the hundreds digit of 868351295?
2
What is the hundred millions digit of 326761028?
3
What is the tens digit of 208403750?
5
What is the millions digit of 54470546?
4
What is the thousands digit of 29035173?
5
What is the tens digit of 5865090483?
8
What is the ten thousands digit of 154125884?
2
What is the hundred millions digit of 888374725?
8
What is the thousands digit of 50180123?
0
What is the hundred millions digit of 270891351?
2
What is the hundred thousands digit of 47383822?
3
What is the hundred millions digit of 213083854?
2
What is the ten thousands digit of 2058637563?
3
What is the millions digit of 333782085?
3
What is the tens digit of 288996457?
5
What is the hundred thousands digit of 11312138?
3
What is the thousands digit of 3373229?
3
What is the hundred millions digit of 131721743?
1
What is the units digit of 58507285?
5
What is the units digit of 18841165?
5
What is the hundred millions digit of 1638428296?
6
What is the tens digit of 13715943?
4
What is the thousands digit of 1492691?
2
What is the ten thousands digit of 3952058587?
5
What is the millions digit of 207659424?
7
What is the hundred thousands digit of 2751931?
7
What is the millions digit of 834086108?
4
What is the millions digit of 2680186602?
0
What is the millions digit of 17879456?
7
What is the ten millions digit of 1331502504?
3
What is the ten millions digit of 37828856?
3
What is the millions digit of 149777695?
9
What is the hundred thousands digit of 81973303?
9
What is the tens digit of 173362465?
6
What is the units digit of 8122800?
0
What is the tens digit of 102629950?
5
What is the thousands digit of 362062887?
2
What is the hundred millions digit of 199024130?
1
What is the ten millions digit of 2842426891?
4
What is the millions digit of 515487617?
5
What is the ten millions digit of 119922854?
1
What is the ten millions digit of 3008854346?
0
What is the millions digit of 47847089?
7
What is the thousands digit of 238822924?
2
What is the thousands digit of 144579900?
9
What is the ten thousands digit of 11149895?
4
What is the thousands digit of 2642438901?
8
What is the hundred thousands digit of 45350489?
3
What is the millions digit of 32004975?
2
What is the hundred thousands digit of 638753225?
7
What is the millions digit of 13569643?
3
What is the hundreds digit of 1403517987?
9
What is the thousands digit of 1831220?
1
What is the hundred thousands digit of 727890595?
8
What is the hundreds digit of 181852339?
3
What is the hundreds digit of 75401667?
6
What is the millions digit of 794813316?
4
What is the units digit of 3162591021?
1
What is the billions digit of 4862802114?
4
What is the thousands digit of 1496205853?
5
What is the tens digit of 371739068?
6
What is the units digit of 30200579?
9
What is the millions digit of 65764798?
5
What is the units digit of 13328917?
7
What is the hundreds digit of 328629498?
4
What is the tens digit of 80681277?
7
What is the hundred millions digit of 237615181?
2
What is the hundred thousands digit of 169587541?
5
What is the hundred thousands digit of 7157694502?
6
What is the ten thousands digit of 88491961?
9
What is the hundred millions digit 